j + 276 = 51. What is the highest common divisor of d and j?
5
Let o be 3278/33 - 1/3. Let v be (-464)/(-18) - 2/(-9) - 4. Calculate the greatest common factor of v and o.
11
Let d(n) = n**3 + 6*n**2 - 2. Let f be d(-6). Let c be f*(-4 - -2 - 5). Let h be 6/(-21) - (-102)/14. Calculate the greatest common divisor of c and h.
7
Let m(x) = 5*x - 11. Let y = 2 + 1. Let d be m(y). What is the greatest common divisor of d and 36?
4
Let k = 23 + -20. Suppose -5*d = -4*d - 2*z + 42, 4*d + k*z + 212 = 0. Let y = d - -80. What is the greatest common factor of 20 and y?
10
Suppose -5*u = -25, -15*q + 18*q + u = 545. Let m be (-2 - 8)*(-27)/6. Calculate the greatest common divisor of m and q.
45
Let t = 20 - 20. Suppose -3*k + 5 = -1, 2*d + 3*k - 166 = t. Suppose 4*w + 20 = 0, 3*z = -2*w - 0*w + 86. What is the greatest common factor of z and d?
16
Let g = -546 + 590. What is the greatest common divisor of g and 704?
44
Let u = -26 + 92. Suppose -131 = -4*k + 45. What is the highest common factor of k and u?
22
Let u(z) = -24*z + 101. Let o(d) = 16*d - 67. Let t(h) = 8*o(h) + 5*u(h). Let j be t(7). What is the highest common factor of 225 and j?
25
Let h be (5/2)/((-65)/(-156)). What is the highest common factor of h and 534?
6
Let l(n) = n**2 + 34*n + 107. Let i be l(-3). Let x = 20 - 47. Let q = 15 - x. What is the greatest common divisor of i and q?
14
Let j be (-3 + 4)/(2/4). Suppose s - 1 - j = 0. Suppose 0 = -5*m - 3*o + 87, 14 = 2*m - 3*o - o. Calculate the highest common divisor of s and m.
3
Let j(u) be the third derivative of u**4/8 + 26*u**3/3 + 31*u**2. Let m be j(26). Calculate the highest common factor of m and 52.
26
Let j(l) = 203*l + 10. Let i be j(-6). Let a = -845 - i. Calculate the greatest common divisor of a and 33.
33
Suppose -3 = -i + 2*o, 2*o - o + 14 = 3*i. Let n(b) = b**3 - 5*b**2 + 4*b + 5. Let t be n(4). Calculate the greatest common factor of i and t.
5
Let o(k) be the first derivative of 4*k**3/3 + 3*k**2/2 - 5*k - 14. Let f be o(-5). What is the highest common factor of 10 and f?
10
Suppose 22 = r - 5*z, -r + 4 = 2*z + 3. Let k = 18 - r. Suppose 0 = -3*o + 6 + 3, -3*v + 3*o + 24 = 0. What is the greatest common factor of k and v?
11
Let g(a) = 7*a**2 - 5*a + 1. Let x be g(4). Suppose 0 = -2*d - 3*v + 40 + 25, 152 = 5*d - 3*v. What is the highest common factor of d and x?
31
Let p(k) = k**3 + 2*k**2 - 6*k + 7. Let g be p(3). Let t = g - 22. Calculate the greatest common divisor of t and 84.
12
Let p = 95 + -65. Let z = 291 + -261. Calculate the highest common divisor of z and p.
30
Let i = 15 + -11. Suppose -4*u + 4*l - 3*l + 59 = 0, i*u = -l + 53. What is the greatest common factor of 112 and u?
14
Let t(u) = 5*u**2 - 27*u - 2. Let y be t(7). What is the greatest common divisor of 54 and y?
54
Let i(j) = -3*j**3 - 15*j**2 + 5*j + 5. Let x be i(-7). What is the greatest common divisor of 11 and x?
11
Let w = 41 - 86. Let n be (154/(-33))/(2/w). Suppose -6*m + n = m. What is the greatest common factor of 10 and m?
5
Let x be (-12)/114 - 1465/(-19). What is the greatest common factor of 11 and x?
11
Let t be (-9)/(217/(-196) - -1). What is the greatest common factor of t and 112?
28
Suppose -2*p + 104 = -4*y, 3*p - 6*p + 166 = -y. Let c = 90 - p. Calculate the highest common divisor of c and 238.
34
Let u(y) = -4*y - 13. Let b = 78 - 83. Let t be u(b). Let a be (-3)/(5/(420/(-9))). What is the highest common divisor of a and t?
7
Let g = -355 - -365. Let l be 30/(-2)*(-2)/2. Calculate the greatest common divisor of l and g.
5
Let s be 308 + (-1 - (0 - -2)). Suppose 5*t + 3*q - s = 0, -39 = -0*t - t - 5*q. What is the highest common divisor of t and 8?
8
Suppose 12 = -r + 4*r + 3*k, -2*k + 8 = 0. Suppose 4*i - 20 = r, -l + 3*l - 2*i = -6. What is the highest common divisor of l and 1?
1
Let k = -809 + 830. Calculate the greatest common factor of 861 and k.
21
Let t be (4/6)/(5/60). Suppose -7*c - 24 + 136 = 0. Calculate the highest common divisor of c and t.
8
Let k = 0 - 2. Let w(p) = 13*p - 3. Let y(x) = -90*x + 20. Let q(g) = -15*w(g) - 2*y(g). Let r be q(k). Calculate the greatest common divisor of r and 7.
7
Suppose -j + 33 = 2*p, 4*p = -3*j + 4*j + 3. Let i be ((-6)/(-8))/((-2)/(-56)). Calculate the highest common factor of i and j.
21
Suppose -31*s + 28*s = -4*o - 528, -4*s + 3*o + 711 = 0. What is the greatest common factor of s and 15?
15
Let k be (-302)/(-6) + 10/(-30). Suppose -15*w + 16*w = k. Let z be 3 + -11*(-5 + 3). Calculate the greatest common factor of z and w.
25
Suppose 0 = 3*f - 2*a + 5*a - 12, -3*f - 4*a + 10 = 0. Suppose -f = 5*z - 56. What is the highest common divisor of z and 2?
2
Let i(q) = -q**2 - 23*q - 45. Let a be i(-13). Calculate the greatest common factor of 68 and a.
17
Let a be (0 + 0)*2/(-4). Suppose 0 = -0*f + f - 5. Suppose -f*u + 5 = -a*u. Calculate the greatest common divisor of u and 11.
1
Suppose -13*r - 31*r = -1408. What is the highest common factor of r and 360?
8
Let r be ((-61)/(-4))/1 + 96/(-384). What is the highest common factor of r and 1335?
15
Suppose 7*a + 649 = 10169. What is the highest common factor of a and 20?
20
Suppose 3*c - 6 - 9 = 0. Suppose 12 = 4*d + c*z - z, -3*z = -2*d + 6. Suppose i - 20 = 4. Calculate the highest common factor of i and d.
3
Suppose -4*w - 3*q + 524 = 0, -3*w - q + 416 = 28. What is the highest common divisor of 160 and w?
32
Let g = -877 - -962. Calculate the highest common factor of g and 119.
17
Suppose 2*a + 4*m + 6 = 0, -a - 14 + 5 = 4*m. Suppose -3*g = -7*g. Suppose -p + 29 - 8 = g. What is the greatest common divisor of p and a?
3
Let p be (1 - 0)*2 + 11 - 2. Suppose 4*j + 236 = 5*w, 2*w - 92 = -3*j + 4*j. What is the greatest common factor of w and p?
11
Let v be 2 + -2 - (-2 - -1). Let r be 8 + -4*(-1)/4. Let k be (-1 - -2)/(r/18). What is the greatest common factor of v and k?
1
Let u be -1 + 4 + 1/1. Suppose -24 = -2*a - u. Calculate the highest common factor of a and 15.
5
Suppose a + 16 - 48 = 0. Suppose -13*t + 1008 = 8*t. Calculate the highest common divisor of a and t.
16
Suppose -4*l + 42 - 10 = 0. Suppose -l*j = -28 - 12. Let b(m) = m**2 - 4*m + 3. Let r be b(j). What is the highest common factor of r and 20?
4
Let r = -18 - -29. Let w = -8 + r. Suppose w*m - 42 = -x, -2*m - 19 + 58 = -3*x. What is the highest common divisor of 15 and m?
15
Let v(c) = 2*c**2 + 22*c - 18. Let w be (4 - 372/20) + (-4)/10. Let z be v(w). What is the greatest common divisor of z and 51?
51
Suppose 0 = 4*a - 12, 0 = 4*h - 2*a - 2*a - 4. Let o be 594/h*12/18. What is the greatest common factor of o and 9?
9
Let u = -216 + 297. Calculate the highest common divisor of u and 351.
27
Let z(x) = 2*x + 292. Let o be z(-45). Calculate the highest common factor of 707 and o.
101
Let k be 57/(-38) - 18/(-4). What is the highest common divisor of k and 4?
1
Let m = 1170 + -1121. What is the greatest common divisor of 42 and m?
7
Suppose 4 = k + 2. Suppose -5*p + o + o = -15, -12 = -4*p + k*o. What is the highest common factor of p and 15?
3
Let y be ((-16)/40)/((-1)/(-60)). Let w = 38 + y. What is the highest common factor of w and 56?
14
Suppose 5*f = 4*p - 20, 0 = -f + 2*f. Suppose -u + 4 = u, p*i + 4*u - 58 = 0. Suppose o + 5*l - 6 = 9, 2*l = 0. What is the highest common factor of i and o?
5
Suppose 2*f + 8 = -4. Let s be 4/6*f + 84. Calculate the highest common divisor of 16 and s.
16
Let t(y) = -7*y + 12. Let b be t(3). Let p = 1 - b. What is the greatest common divisor of p and 15?
5
Let n(t) = 125*t**3 + t - 1. Let o be n(1). Suppose 2*l - 25 - 25 = 0. Calculate the highest common factor of o and l.
25
Let o = 50 + -29. Let x be 31 + 4/(-12)*-33. What is the highest common divisor of o and x?
21
Let n(v) = -14*v**3 - v**2 + 2*v + 4. Let k be n(-2). What is the greatest common factor of 12 and k?
12
Suppose -5*l - 3*i = -285 - 111, 302 = 4*l - 5*i. Calculate the highest common divisor of l and 234.
78
Let k(y) = -7*y - 1. Let b be k(-4). Calculate the greatest common divisor of b and 108.
27
Suppose -3*f = -2*t + 5, 0*f - 2*f + 2 = 0. Suppose 2*z - 7*z + 737 = t*q, -4*q = z - 717. Let p = q + -88. What is the highest common divisor of 10 and p?
10
Suppose t + y - 8 = 0, 2*t = 2*y - y + 13. Suppose -45 = t*b - 2*b. Let v = 16 + b. Calculate the 